termine k(0).
162
Let o(f) = f**2 - 1092*f + 6519. What is o(6)?
3
Let a(k) = 157*k - 31233. What is a(199)?
10
Let v(l) = 2*l**3 - 44*l**2 + 96*l - 41. Calculate v(2).
-9
Let i(w) = -605*w - 4815. Give i(-8).
25
Let u(q) = 4*q**2 - 14*q + 15. What is u(-4)?
135
Let k(b) = 29*b**2 + 322*b + 11. Give k(-11).
-22
Let t(c) = 200*c + 39439. What is t(-197)?
39
Let u(h) = -67*h**2 - 1744*h - 57. What is u(-26)?
-5
Let m(s) = -s**3 - 22*s**2 + 48*s + 17. Determine m(-24).
17
Let c(u) = -35*u - 390. Determine c(-16).
170
Let s(g) = 623*g - 6. Give s(0).
-6
Let o(f) = f**3 + 24*f**2 + 6*f + 781. What is o(-25)?
6
Let n(i) = 10*i**3 - 48*i**2 - 9*i - 5. Determine n(5).
0
Let o(x) = 49*x**2 + 287*x - 7. Give o(-6).
35
Let n(d) = 242*d - 4376. What is n(18)?
-20
Let m(n) = -3485*n - 83647. Give m(-24).
-7
Let g(r) = 776*r + 31046. Determine g(-40).
6
Let j(a) = -2*a**2 - 20*a + 61. What is j(2)?
13
Let t(m) = m**3 + 13*m**2 + 25*m - 78. Give t(-9).
21
Let q(k) = k**3 - 29*k**2 + 136*k - 31. What is q(23)?
-77
Let c(x) = -2*x**2 - 169*x + 5308. Give c(-109).
-33
Let n(i) = -4393*i - 26357. What is n(-6)?
1
Let u(z) = -4*z**3 + 13*z**2 + 9*z - 28. Calculate u(2).
10
Let r(z) = z**3 + 5*z**2 + 118*z + 738. Give r(-6).
-6
Let o(y) = 79*y + 1944. Give o(-29).
-347
Let k(o) = 2*o**2 - 13*o + 7. Give k(7).
14
Let y(v) = 72*v + 359. Give y(-6).
-73
Let r(d) = -d**3 + 145*d**2 - 1100*d + 26. Calculate r(8).
-6
Let q(w) = -5*w**2 + 123*w - 340. Calculate q(3).
-16
Let a(m) = 389*m - 7359. Determine a(19).
32
Let l(c) = -c**3 - 11*c**2 + 99*c - 98. What is l(5)?
-3
Let x(c) = 25*c + 1027. Determine x(-51).
-248
Let n(i) = 7*i**2 - 23*i - 10. Give n(7).
172
Let w(o) = -6*o**2 - 544*o + 137. Calculate w(-91).
-45
Let b(q) = -2*q**2 - 112*q + 1151. Give b(-65).
-19
Let n(a) = 36*a - 315. Give n(8).
-27
Let w(y) = 48*y + 1675. Determine w(-35).
-5
Let c(g) = -g + 6. What is c(24)?
-18
Let b(v) = 7*v**3 - 25*v**2 - 55*v + 176. What is b(3)?
-25
Let n(x) = x**3 - 14*x**2 - 21*x + 598. Determine n(11).
4
Let p(c) = -321*c + 2218. Determine p(7).
-29
Let g(u) = 5*u**3 - 39*u**2 - u + 15. What is g(6)?
-315
Let j(s) = -21083*s + 84338. Calculate j(4).
6
Let i(v) = -v**2 + 55*v + 486. Give i(63).
-18
Let n(m) = -2*m**2 + 2*m - 18. Give n(0).
-18
Let w(q) = 76*q + 6978. What is w(-92)?
-14
Let k(p) = -p**3 - 145*p**2 + 142*p - 343. Determine k(-146).
241
Let p(s) = -s**2 + 45*s + 39. Determine p(43).
125
Let c(u) = u**3 - 17*u**2 - 627*u + 48. Determine c(-18).
-6
Let l(y) = y**3 - 15*y**2 + 34*y - 272. Give l(14).
8
Let a(n) = n**2 + 13*n + 22. What is a(-13)?
22
Let a(p) = 10*p**2 - 417*p + 1240. Give a(3).
79
Let w(g) = -40*g**2 + 21*g + 17. What is w(-1)?
-44
Let a(m) = 88*m**2 - 3431*m - 4. What is a(39)?
35
Let y(a) = -5*a**2 + 31*a + 4. Give y(9).
-122
Let c(f) = -16*f**2 - 119*f - 20. Determine c(-5).
175
Let j(b) = -1872*b + 26205. Give j(14).
-3
Let c(k) = -3*k**2 - 7*k + 47. Determine c(4).
-29
Let c(a) = -11*a**2 + 29*a - 220. Give c(9).
-850
Let w(x) = 12*x**2 - 104*x - 31. Calculate w(9).
5
Let c(s) = 12*s + 92. Determine c(0).
92
Let j(n) = 2*n**2 - 169*n - 527. Calculate j(-3).
-2
Let c(w) = -w**3 + 16*w**2 + 9*w + 45. Determine c(12).
729
Let t(c) = 44*c + 416. Determine t(-6).
152
Let w(m) = -m**3 + 27*m**2 - 27*m + 35. Calculate w(26).
9
Let h(u) = 2*u**2 + 49*u - 62. Determine h(-26).
16
Let t(c) = -c**2 + 14*c + 117. What is t(18)?
45
Let d(f) = -145*f + 1807. Determine d(13).
-78
Let k(f) = f - 79. What is k(30)?
-49
Let y(i) = 11*i**2 - 82*i + 169. What is y(2)?
49
Let y(a) = 16*a + 2732. Determine y(-171).
-4
Let i(w) = -53*w**2 - 105*w + 101. Calculate i(1).
-57
Let u(d) = -26*d + 2780. Calculate u(107).
-2
Let l(t) = -110*t**2 + 59*t - 60. Give l(1).
-111
Let k(j) = 28*j - 254. Determine k(9).
-2
Let o(z) = -33*z + 94. Calculate o(4).
-38
Let z(o) = -o**3 - 8*o**2 + 3*o - 37. Calculate z(-11).
293
Let f(t) = -3*t**3 - 9*t**2 + 13*t - 4. Calculate f(1).
-3
Let r(w) = 2*w**2 - 224*w + 1864. Give r(103).
10
Let r(f) = 203*f + 9762. What is r(-48)?
18
Let f(j) = j**3 - 130*j**2 + 367*j + 1779. Determine f(127).
1
Let j(o) = 3*o**2 + 19*o - 39. Calculate j(-10).
71
Let r(z) = -3*z**3 + 80*z**2 + 19*z + 326. Give r(27).
110
Let g(y) = -4*y**3 - 37*y**2 + y + 14. Give g(-10).
304
Let a(s) = s**2 + 7*s - 103. Give a(-20).
157
Let d(q) = -164*q - 1089. Calculate d(-3).
-597
Let p(k) = 6*k**3 - 92*k**2 + 25*k - 133. Determine p(15).
-208
Let f(r) = -r**2 - 11*r + 123. Calculate f(0).
123
Let k(v) = 2*v**2 - 1331*v + 3977. Give k(3).
2
Let h(b) = b**3 + 19*b**2 + 52*b - 13. Calculate h(-15).
107
Let d(x) = 15*x**3 - 102*x**2 - 21*x + 6. What is d(7)?
6
Let j(k) = 3*k - 36. Calculate j(-17).
-87
Let d(y) = -y**2 + 6*y + 140. Give d(-10).
-20
Let z(f) = -77*f - 177. Determine z(-2).
-23
Let f(i) = -35*i**2 + 2766*i - 34. Calculate f(79).
45
Let f(n) = -308*n + 3606. Determine f(12).
-90
Let o(u) = 2*u**2 + 85*u - 448. Determine o(-47).
-25
Let j(f) = -f**2 + 114*f - 3246. Calculate j(57).
3
Let u(j) = -31*j + 97. What is u(2)?
35
Let i(g) = -1917*g - 7701. Determine i(-4).
-33
Let d(j) = 2*j**2 + 140*j + 166. Give d(-65).
-484
Let r(u) = -u**2 - 25*u - 95. Calculate r(-7).
31
Let y(n) = 22*n - 1167. Determine y(53).
-1
Let v(g) = g**3 - 11*g**2 + 15*g + 3. Give v(9).
-24
Let b(c) = -5*c**2 - 172*c - 80. Calculate b(-34).
-12
Let y(f) = -249*f - 1004. Determine y(-4).
-8
Let s(t) = t**3 - 37*t**2 - 782*t + 118. Calculate s(52).
14
Let h(q) = 2*q**3 + 663*q**2 - 357*q - 8303. Give h(-332).
-3
Let y(k) = -k**3 - 7*k**2 + 206*k + 1086. What is y(-5)?
6
Let a(m) = -41*m + 641. Determine a(16).
-15
Let g(o) = o**3 - 29*o**2 + 39*o + 400. Determine g(27).
-5
Let h(b) = -3875*b - 182128. What is h(-47)?
-3
Let o(y) = 52*y + 1255. Calculate o(-24).
7
Let m(k) = k**3 - 8*k**2 + k + 36. Calculate m(7).
-6
Let q(s) = s**3 - 148*s**2 + 281*s + 1590. Determine q(146).
-16
Let x(a) = -21*a - 5613. Give x(-266).
-27
Let w(v) = -v**3 - 60*v**2 + 258*v + 29. Determine w(-64).
-99
Let l(b) = 112*b - 2922. Give l(26).
-10
Let v(n) = 553*n + 8294. Give v(-15).
-1
Let i(v) = 2*v**3 + 61*v**2 + 11*v + 1306. Determine i(-31).
4
Let p(x) = 65*x**2 + 652*x + 42. Determine p(-10).
22
Let i(x) = x**2 - 17*x + 142. Determine i(17).
142
Let b(w) = 424*w + 3432. Give b(-8).
40
Let i(d) = 2*d**3 + 21*d**2 - 72*d - 88. Determine i(-13).
3
Let v(z) = -z**3 - 9*z**2 + 66*z - 41. What is v(-14)?
15
Let b(h) = 40*h - 2841. Determine b(72).
39
Let u(k) = 1198*k + 8389. Give u(-7).
3
Let x(z) = -55*z + 2187. What is x(40)?
-13
Let q(g) = -873*g - 5243. Give q(-6).
-5
Let m(x) = x**2 + 3*x - 7. What is m(11)?
147
Let l(y) = -y**3 - 10*y**2 + 29*y - 10. Give l(-10).
-300
Let j(v) = -v**3 + 7*v**2 - 14*v - 6. Give j(5).
-26
Let w(v) = -124*v - 703. What is w(-5)?
-83
Let i(c) = c**3 + 22*c**2 + 24*c - 324. What is i(-20)?
-4
Let k(v) = -4*v**3 + 63*v**2 + 86*v - 20. Determine k(17).
-3
Let l(k) = -4704*k - 42359. Give l(-9).
-23
Let k(w) = -14*w**2 + 494*w - 135. What is k(35)?
5
Let f(h) = -2*h**3 + 10*h**2 - 1217*h + 2406. Give f(2).
-4
Let g(b) = -105*b**2 + 54*b - 103. Calculate g(2).
-415
Let f(a) = -a**3 - 3*a**2 + a - 14. Calculate f(-5).
31
Let j(m) = -3234*m - 9674. Give j(-3).
28
Let v(w) = -4*w**3 + 9*w**2 - 4*w - 2. Determine v(3).
-41
Let b(m) = -13*m**3 - 13*m**2 + 33*m + 6. What is b(3)?
-363
Let x(n) = -89*n - 2053. Give x(-23).
-6
Let b(h) = 8*h**2 + 296*h - 342. Calculate b(-38).
-38
Let a(x) = -x**3 + 116*x**2 + 863*x - 282. What is a(123)?
-36
Let w(m) = 2*m**3 - 40*m**2 - 10*m - 42. Calculate w(19).
-954
Let v(x) = 746*x + 38799. Calculate v(-52).
7
Let i(n) = 12*n**2 - 12*n + 22. Give i(0).
22
Let g(j) = j**3 - 15*j**2 + 9*j + 24. Give g(14).
-46
Let s(t) = -37*t + 742. Determine s(20).
2
Let y(z) = z**2 + 39*z - 461. Give y(9).
-29
Let w(k) = -13*k**2 + 319*k + 501. Calculate w(26).
7
Let n(a) = -2*a**3 + 59*a**2 - 426*a + 20. What is n(17)?
3
Let m(v) = 25*v - 1428. Calculate m(56).
-28
Let c(i) = 3*i**2 - 67*i + 37. Determine c(20).
-103
Let j(y) = 7*y**3 - y**2 + 77*y - 78. Determine j(1).
5
Let d(t) = -1349*t + 13. What is d(0)?
13
Let z(f) = 12*f**2 - 33*f + 93. What is z(3)?
102
Let o(y) = 83*y - 1241. Determine o(15).
4
Let z(k) = -2*k**3 + 52*k**2 - 44*k - 153. Determi